t t be z(6). Let w(l) be the first derivative of -l**4/4 + 5*l**3/3 - 2*l**2 + 4*l - 21. Calculate w(t).
10
Let r(x) = -2*x**3 + x**2 - x - 1. Let q be r(-1). Let v(h) = 0*h**3 - 3*h + h**3 + 6*h + q. Let k(y) = 2*y**2 + 4*y. Let g be k(-1). Calculate v(g).
-11
Suppose -3*n + 29 = -22. Suppose -2*r - 3*w = -r - 3, 3*r - 4*w = -n. Let l(h) be the first derivative of -h**4/4 - h**3 + h**2/2 - 1. Give l(r).
-3
Let v(m) = 334*m**2 + 341*m**2 - 1006*m**2 + 2 + 0*m - 4*m + 334*m**2. Suppose -3*n = -5*d + 4, -3*n - d + 5 = -3. Calculate v(n).
6
Let d(r) be the third derivative of -r**5/60 + r**4/4 - 4*r**3/3 - 132*r**2. What is d(5)?
-3
Let u(o) = 6*o**3 + o**3 - 7*o**3 + 3*o**3. Let k be ((-14)/(-35))/((-4)/(-10)). Give u(k).
3
Let r(s) = 8*s + 9 - s**2 + 5 - 4 + 0. Give r(9).
1
Let q(y) = -y + 1. Let t(f) = -f**2 + 18*f + 31. Let r be t(19). Let a = -6 + r. What is q(a)?
-5
Let f(v) = -v - 4. Suppose 13*i + 69 = 17. Determine f(i).
0
Suppose -5*l - 13 = -68. Let t be -12 + l - (0 - 4). Suppose 3*p + 2*p = 25, -17 = t*f - p. Let h(d) = -d**3 - 5*d**2 - 2*d + 3. Determine h(f).
-5
Let j(w) = w**2 + w + 1. Suppose 5*x + 19 - 7 = -4*d, -5*x + 15 = -5*d. What is j(x)?
1
Let d(t) = t**3 - 5*t + 5. Let b be d(2). Let o(x) = -12*x - 4. What is o(b)?
-40
Let m = 8 - 1. Suppose 4*j = -r + m, -5*j - 4 = 5*r + 6. Let v(c) = c. Calculate v(r).
-5
Let k(g) be the first derivative of -7*g - g**2 + 1/6*g**3 - 6. Let s(f) be the first derivative of k(f). What is s(5)?
3
Let c(g) = -2*g + 16. Let s be c(7). Let m(d) = -2*d - 8 + 4*d**s + 2 - 3*d**2. Give m(5).
9
Suppose 10*j + 4 = 6*j. Let i(h) = -7*h**3 - 2*h**2 - 2*h - 1. Let p be i(j). Let d(r) = -r**2 + 4*r + 2. Calculate d(p).
-10
Let i(n) = -n**3 + 5*n**2 - 2*n + 2. Let z = 50 + -31. Suppose 5*s - z = -3*j + 4*s, 2*s + 17 = 5*j. Determine i(j).
-8
Let f(s) = -s**3 - 1 - 3 + 3*s**2 + 5*s + 7*s. Let j be f(5). Let b(n) be the first derivative of n**2/2 + 2*n + 3. Calculate b(j).
8
Let f(u) be the third derivative of u**6/720 - u**5/120 + u**4/12 - 11*u**2. Let g(o) be the second derivative of f(o). Determine g(-8).
-9
Let q = 230 + -228. Let l(n) = 4*n**3 - 8*n**2 + 9*n - 5. Let s(a) = -a**3 - 3*a + 2*a**2 - a + 1 + 2*a. Let x(w) = q*l(w) + 9*s(w). Calculate x(1).
0
Let l(n) = n**2 + 11*n + 44. Let p be l(-10). Suppose -20 = p*b - 30*b. Let x(i) = i**3 + 3*i**2 - 5*i + 3. Calculate x(b).
-22
Let c(m) = -m**3 + 5*m**2 + 6*m + 3. Let h = -33 + 33. Suppose -x - 3*p + 18 = h, -2*x + p = -p - 4. Determine c(x).
3
Let l(y) = y**3 + 11*y**2 + 11*y - 14. Let f be l(-10). Let a = f + 27. Let d(r) = -24*r**a + 6*r - 3*r**2 + 2 + 23*r**3 - r**2. Give d(-5).
-3
Let p(c) = 3*c - 2. Let n(k) = 2*k**2 - 16*k + 36. Let o be n(5). What is p(o)?
16
Let c(d) = d - 1. Let u(x) = 5*x - 8. Let v(f) = -14*f + 24. Let l(t) = 16*u(t) + 5*v(t). Let k(z) = -18*c(z) + 2*l(z). Determine k(2).
6
Let s = -28 - -23. Let k(g) = g**2 - 4 + g**3 + 5*g**2 - 3 + 6*g + 9. Determine k(s).
-3
Let c(q) = q**2 + 10*q + 9. Let j be (-6)/(-21) - 4*(-260)/(-112). Determine c(j).
0
Let d(r) be the second derivative of r**5/20 - r**4/4 + r**3/2 + r**2/2 - 25*r - 4. Let c = -3 + 2. Let q = c - -4. Determine d(q).
10
Suppose -3*q - 5*i + 1 - 5 = 0, -3*q = -5*i - 16. Let f(p) = -4*p**2 - 8*p + 3*p**2 + 6*p + p**3 - q + 3*p**2. Give f(-3).
-5
Let z(y) = 17*y**2 + 6*y + 16. Let n(l) = 31*l**2 + 11*l + 32. Let o(u) = -6*n(u) + 11*z(u). Calculate o(0).
-16
Let k(h) = -h**2 + 7*h - 9. Suppose -45*l + 42*l + 18 = 0. Determine k(l).
-3
Let b be (-2*1/4)/(5/(-30)). Let y(l) be the third derivative of 0*l**4 - 1/60*l**5 + l**2 + 0 + 1/2*l**3 + 0*l. What is y(b)?
-6
Let c(m) = -m**3 + 2 + 5*m**2 - 7*m + 0*m + 2. Let y be 2*(-5 + 42/6). Determine c(y).
-8
Let r(w) = w**3 + 2. Let f(n) = -7*n**3 - 3*n**2 - 7*n - 17. Let m(t) = f(t) + 6*r(t). What is m(-4)?
39
Let h be ((-6)/4)/(3/6). Let n be 15*h/(-18)*2. Let q(b) = 52 - 41 + 5*b**2 - 9 - b**3. What is q(n)?
2
Let c(m) = m**3 + 3*m**2 - 4*m + 5. Let n be (-57)/12 + (27/(-4))/(-9). Give c(n).
5
Let h(m) = -m**3 + 3*m**2 - 3*m - 6. Let r(t) = t**3 - 4*t**2 + 4*t + 7. Let y(s) = -6*h(s) - 5*r(s). Determine y(-2).
5
Suppose -2*x - 15 = 3*k, -2*k + 5*x - 8 = -17. Let l(u) = u - 1. Let i(t) = -16*t + 12. Let r(f) = i(f) + 10*l(f). What is r(k)?
20
Let c(j) = 7*j. Let f be c(2). Let z = f + 0. Suppose -3*q = -5*q + z. Let x(d) = -d**3 + 7*d**2. Calculate x(q).
0
Let s(h) = 29 + 6 - 46 + 11 - h. Let f = 3 - -1. What is s(f)?
-4
Let a(f) = -f**3 - 3*f**2 - 4*f - 2. Let i be (5/2)/(3/6). Suppose 0 = i*v - 0*v. Suppose 0 = 5*h - 3*z + 9, -h - 4*h - 4*z - 23 = v. Give a(h).
10
Let j(l) = l**2 - 3*l + 3. Suppose -25 = -3*q - 2*q. Suppose -73 = -q*m - x, -5*x = 3*m + 12 - 69. Let n = m + -11. Give j(n).
3
Suppose -2*p - p = 69. Let f = p + 18. Let r(g) = 4*g + 3. Determine r(f).
-17
Let q(b) = 7*b + 1. Suppose -3*v - 3*g = -2*g - 9, 4*v + 5*g = 23. Suppose -7 - 3 = v*k, -5*x = 3*k + 15. Suppose -2*t - 4 = -x. What is q(t)?
-13
Suppose -17*d = 3*s - 15*d + 29, 4*s = 4*d - 32. Let h(o) = o**3 + 10*o**2 + 13*o + 13. What is h(s)?
-23
Let g be -3 + -1 + 1 + 5 + 2. Let b(t) = -3 - 2*t - t + 4*t + t. Let i(k) = 4*k - 6. Let y(r) = -5*b(r) + 2*i(r). Give y(g).
-5
Suppose -2*u = -4*u + 4*y + 12, 3*y = 4*u - 14. Suppose u*d = h + 11, 0*h + 2*d = -h - 3. Let j(q) = -q - 6. Determine j(h).
1
Let u(r) = -r**3 + 6*r**2 - 3*r + 6. Suppose 4 = -8*q + 7*q. Let f = 10 + q. Calculate u(f).
-12
Suppose 0 = k - 4*u + 17, -5*k - 3*u = 1 - 8. Let t be (1 - k)*5/2. Let j(w) = -4*w - 2. Let a(v) = 17*v + 7. Let h(z) = a(z) + 4*j(z). What is h(t)?
4
Let f(k) = -5*k**2 + 11*k. Let m(o) = 18*o**2 - 32*o - 1. Let p(i) = 7*f(i) + 2*m(i). Determine p(-10).
-32
Let f(i) = i**2 + 4*i - 6. Let x(v) = -4*v - 12. Let r be x(-2). Calculate f(r).
-6
Let x(c) = c - 11. Suppose 5*n = 7*n - 16. Let p(v) = -3*v + 0*v**2 + n*v**2 - 9*v**2 + 10. Let z be p(-5). What is x(z)?
-11
Let v = -238 - -244. Let h(l) = 2*l**2 - 9*l + 5. What is h(v)?
23
Let m(x) = -1 + x**2 + x**3 + 5*x**2 + 0 - 7*x. Let u = 1162 + -1169. Calculate m(u).
-1
Let t = -97 + 107. Let m(f) = -f + 18. Calculate m(t).
8
Suppose -3*m + 3*d - 9 = 2*d, -d - 23 = 5*m. Let i be (m - -4 - 3) + -1. Let a(f) = 3 - 5*f - f**2 - 3 - 4. Calculate a(i).
0
Let n(c) = -c**3 - c**2 + 3*c - 4. Let p = 14 + -10. Let r be (-2)/p*(-1 + 1). Suppose 5*s + r = -15. Determine n(s).
5
Let u(t) = -t**2 - 6*t - 7. Let b be 8/(-32) + 0 + 25/4. Suppose 6 = -f + 5*c - 0, 4*c - b = f. What is u(f)?
-7
Suppose 17 = 3*x + 29. Let k be (-1)/(0 + x)*(-4 + 8). Let j(h) = 3*h. What is j(k)?
3
Let z(h) = -5*h**2 - 6*h - 6. Let d(y) = 9*y**2 + 12*y + 12. Let a(f) = -2*f + 3*f - 1 + 3*f. Let t be a(3). Let v(g) = t*z(g) + 6*d(g). Give v(7).
-1
Let z(k) be the third derivative of -k**5/60 + k**4/4 - k**3/2 - k**2. Let f(q) = -118*q - 116. Let r be f(-1). Calculate z(r).
5
Let h = -4 + 8. Let t(w) = 4 + 33*w - 63*w + 33*w - w**2. What is t(h)?
0
Let j(x) = x**3 - 2*x**2 + x + 5. Let v be j(2). Let f(b) = -b + 13. Determine f(v).
6
Let q be (12/(-8) + 3)/(6/(-8)). Let l(u) be the first derivative of 3*u**2/2 + u + 1. Let a(j) = j + 1. Let n(d) = -2*a(d) + l(d). Give n(q).
-3
Let r(u) = -u**3 + 4*u**2 + 4*u + 6. Let n = 270 - 265. Give r(n).
1
Let u(k) be the third derivative of -25*k**2 + 1/120*k**6 + 1/24*k**4 - 1/6*k**3 + 0*k - 1/30*k**5 + 0. What is u(2)?
1
Let q(p) = -p**3 + 15*p**2 + 16*p + 4. Let b be q(16). Let d(l) = -224*l - b + 14 - 4*l**2 + 3*l**2 + 218*l. Give d(-8).
-6
Let t be -20 + -2 + 1 + 2. Let g = t + 21. Let c(f) = 1 - 6*f + 2*f + 0. Calculate c(g).
-7
Let n be 3*(-2)/(-3) - -2. Suppose n*z + z = -5. Let r(h) = 2*h**3 - 2*h**2 - h. Calculate r(z).
-3
Let o(q) = 2*q**2 + 5*q + 4 + 5 - 3 - 4. Calculate o(-4).
14
Let s(r) = -8*r**2 + 9 + 12*r + 6*r**3 + 9*r + 6*r**3 - 13*r**3. Calculate s(-10).
-1
Let g(p) = p + 6. Let i(k) = 5*k + 25. Let d(m) = m**2 - 2*m - 4. Let r be d(4). Suppose -u + r = -5. Let s(q) = u*g(q) - 2*i(q). Calculate s(3).
1
Let l be ((-24)/(-10))/(6/(-20)). Let c(z) = -z**2 - 6*z + 11. Let u be c(l). Let y(k) = -k**3 - 4*k**2 + 5*k + 5. Determine y(u).
5
Let z be (1/(-10))/((-10)/(-4580))*-5. Suppose -239 = -5*w - z. Let y(o) = o**2 + 3*o - 1. What is y(w)?
9
Let r(n) = -18*n + 284. Let c be r(15). Let a(i) = i